20968a (base 11) in base 10?
-334905
What is -111010011010210 (base 3) in base 8?
-32456660
What is -301120041 (base 5) in base 14?
-230516
-7194082 (base 10) to base 5
-3320202312
What is 1112012212001 (base 3) in base 15?
11059a
What is 2200002013 (base 4) in base 16?
a0087
Convert -aa953 (base 11) to base 10.
-160867
What is 3950451 (base 12) in base 15?
ed3a07
879222 (base 10) to base 8
3265166
132018 (base 9) to base 12
3a4bb
Convert -164450 (base 13) to base 6.
-15500232
Convert 1000101100011000110001 (base 2) to base 12.
91aa15
What is 1ab7a2 (base 12) in base 11?
2a5968
Convert -4044241 (base 6) to base 2.
-101111000100000001
1cb52 (base 16) to base 7
666550
What is -201021001220211 (base 3) in base 9?
-21231824
What is -2565445 (base 7) in base 16?
-51f43
Convert -4341434 (base 9) to base 15.
-310694
a80e7 (base 15) to base 3
1000002210001
2404044100 (base 5) to base 9
11364534
What is 25440e (base 16) in base 4?
21110100032
What is 14660025 (base 7) in base 3?
2122121100020
Convert -a758d7 (base 16) to base 2.
-101001110101100011010111
What is -5ba02 (base 13) in base 6?
-3340504
61908 (base 13) to base 7
1326321
What is -21323132 (base 4) in base 3?
-2001210022
-110110011011001011 (base 2) to base 9
-368712
What is -135670 (base 8) in base 3?
-2102220212
What is 17a251 (base 13) in base 7?
5021411
Convert -2216422 (base 9) to base 8.
-4430503
Convert 2042240 (base 6) to base 3.
12000211120
What is -100554 (base 9) in base 2?
-1110100001101111
-336091 (base 12) to base 15
-112ac1
What is -100110000100101111001000 (base 2) in base 9?
-20702157
What is -cc3a4d (base 14) in base 6?
-404232501
What is -164476 (base 8) in base 5?
-3402320
1221210133 (base 4) to base 12
18a2a7
-154320 (base 8) to base 10
-55504
What is 132421323 (base 5) in base 7?
5460655
What is 1130422202 (base 5) in base 3?
11212200210120
What is 7113105 (base 9) in base 12?
1328142
Convert -1010100011101111 (base 2) to base 11.
-2a546
Convert 12302212 (base 4) to base 9.
42134
-3464e (base 16) to base 15
-438c1
What is -2337b66 (base 13) in base 12?
-3782972
-70cfd (base 16) to base 9
-773758
7425777 (base 8) to base 13
543034
What is -3b3d41 (base 14) in base 3?
-10211222210120
-2210121111201 (base 3) to base 4
-11223112003
2315472 (base 8) to base 3
1011222121010
What is 1334644 (base 7) in base 10?
176971
4471f (base 16) to base 5
32432401
-15eef5 (base 16) to base 13
-3b4366
Convert -155a6da (base 15) to base 9.
-32106877
What is 80492 (base 14) in base 9?
518738
-11001100100000111 (base 2) to base 7
-614165
Convert 88bb18 (base 12) to base 16.
213884
What is 110543 (base 14) in base 2?
10001100111011111111
92740 (base 16) to base 12
24b194
-1838a4 (base 11) to base 3
-112101112220
Convert 424156 (base 11) to base 8.
2456120
d5d (base 15) to base 4
233011
Convert -124880 (base 10) to base 14.
-33720
What is 17434 (base 9) in base 12?
6b57
-17333344 (base 8) to base 7
-46243410
What is -21661 (base 10) in base 5?
-1143121
1413530242 (base 6) to base 15
17adb55
Convert -1722452 (base 8) to base 2.
-1111010010100101010
4114b (base 12) to base 14
22d07
Convert -11100112220022 (base 3) to base 5.
-1043020043
What is 1939d0 (base 14) in base 15?
129c31
22791 (base 15) to base 9
176441
Convert 2c96c0a (base 13) to base 15.
13e1253
1c6c8 (base 16) to base 15
24769
4850b1 (base 12) to base 9
2172827
Convert -20404135 (base 8) to base 3.
-22010212020102
What is -2135562 (base 7) in base 4?
-333303000
-19a0ca (base 16) to base 8
-6320312
Convert 1236011 (base 11) to base 8.
10136460
5ba6d (base 14) to base 12
a9995
Convert 15844 (base 10) to base 9.
23654
What is -233820 (base 10) in base 3?
-102212202000
-a14377 (base 11) to base 13
-451457
-1252066 (base 7) to base 9
-268864
What is 2221101102 (base 3) in base 16?
e210
Convert 1074a87 (base 13) to base 10.
5037325
Convert 1304101141 (base 5) to base 6.
152220112
2036223 (base 10) to base 12
822453
What is -101011020020 (base 3) in base 13?
-6ccc0
What is -1040385 (base 9) in base 10?
-558005
1510221 (base 8) to base 5
102231400
9b3518 (base 15) to base 5
3343340043
-126346 (base 8) to base 5
-2404022
What is 8a40 (base 16) in base 7?
205120
What is -46570 (base 11) in base 14?
-1a704
What is 8142a (base 12) in base 16?
29122
-41102341 (base 5) to base 16
-50f4c
262b73 (base 14) to base 10
1313889
-d0766 (base 16) to base 8
-3203546
What is -192770 (base 10) in base 6?
-4044242
Convert 121253330 (base 6) to base 15.
309200
What is 113313460 (base 7) in base 14?
d014a0
What is 30020332 (base 4) in base 8?
141076
Convert 155113 (base 9) to base 14.
26ba0
What is -100001001000110111101101 (base 2) in base 9?
-17310386
91db3 (base 14) to base 15
6e0cd
8ed6 (base 16) to base 9
55138
Convert -acccc (base 16) to base 5.
-140122123
Convert 201213102122 (base 4) to base 7.
134620004
1446703 (base 10) to base 15
1d89bd
Convert 53299a (base 11) to base 7.
10151664
Convert -2553274 (base 10) to base 11.
-1494349
Convert -85458 (base 9) to base 14.
-16846
What is 11676761 (base 9) in base 2?
10101110100011001001011
-203400 (base 10) to base 4
-301222020
31600626 (base 7) to base 15
381d09
Convert -2c016 (base 13) to base 16.
-14631
Convert -1101000100000110111100 (base 2) to base 15.
-479ad5
What is 122020102201000 (base 3) in base 8?
42744647
What is -111100101101001110 (base 2) in base 12?
-bba92
Convert -7265b (base 12) to base 16.
-24827
Convert 110000101100010001011 (base 2) to base 7.
16363460
1003401 (base 6) to base 5
3004244
Convert -a236 (base 15) to base 14.
-c6a7
What is 1455376 (base 9) in base 6?
25124023
What is -20313202002 (base 4) in base 13?
-635112
Convert 12503516 (base 8) to base 9.
5217223
a203 (base 15) to base 14
c671
What is -100111101010100100101 (base 2) in base 10?
-1299749
What is 4780766 (base 9) in base 14?
4b698a
1301123320 (base 4) to base 8
1613370
-4265b (base 13) to base 4
-131032300
Convert -660365 (base 8) to base 15.
-4591e
Convert 7c335 (base 13) to base 14.
5c950
What is -444a0 (base 12) in base 5?
-10344202
7780976 (base 10) to base 15
a3a71b
What is 815 (base 12) in base 10?
1169
What is -1111202002011 (base 3) in base 8?
-3036246
12020012112 (base 3) to base 6
2112322
What is 22306 (base 11) in base 12?
16849
1606731 (base 8) to base 16
70dd9
What is 61402021 (base 8) in base 15?
1215149
What is -423db (base 14) in base 7?
-1234164
What is 11000110000000001100 (base 2) in base 8?
3060014
Convert -179813 (base 12) to base 3.
-202212101020
-1d195 (base 14) to base 10
-74415
2643624 (base 7) to base 14
906bb
What is c586 (base 16) in base 4?
30112012
Convert -ece8c (base 15) to base 7.
-6252654
What is 3051563 (base 9) in base 5?
404101234
-12011001101 (base 3) to base 4
-120233320
What is -1110011010100111011 (base 2) in base 6?
-14042535
4510763 (base 8) to base 9
2254374
Convert -100322303320 (base 4) to base 13.
-bc3998
-150767 (base 8) to base 4
-31013313
Convert 12223213010 (base 4) to base 8.
6534704
Convert 566254 (base 7) to base 11.
69678
Convert -24023000 (base 5) to base 16.
-35cd7
What is ed70 (base 16) in base 4?
32311300
15151320 (base 7) to base 4
11133311100
-95d650 (base 14) to base 4
-103111221212
336196 (base 14) to base 15
2472c7
-1233130103 (base 4) to base 10
-456467
What is 7887126 (base 10) in base 15?
a5bdd6
Convert -1010111011100101010 (base 2) to base 12.
-15334a
What is -4a6bd (base 16) in base 10?
-304829
-13045242 (base 6) to base 2
-1101000000100011010
What is -106334063 (base 7) in base 3?
-110021202010002
Convert 44bc2c (base 15) to base 8.
14405773
41546 (base 11) to base 5
3414200
11110011111000010000001 (base 2) to base 16
79f081
What is a89733 (base 11) in base 12?
6bb298
What is -1516040 (base 8) in base 13?
-12222b
Convert 11a25d (base 14) to base 12.
251763
What is 111011222 (base 3) in base 13?
44b4
-10140b7 (base 12) to base 14
-586455
Convert -c1531 (base 15) to base 10.
-612046
What is -16206435 (base 8) in base 7?
-43531416
-1010100000011100100110 (base 2) to base 3
-12011221020200
Convert 124012514 (base 6) to base 5.
1110144110
-4500975 (base 10) to base 15
-5dd950
1273892 (base 12) to base 9
6750552
Convert 694fc (base 16) to base 2.
1101001010011111100
What is 4b1837 (base 13) in base 15?
25930d
Convert -865267 (base 11) to base 16.
-151b38
